{"id":56416,"date":"2024-05-17T15:06:32","date_gmt":"2024-05-17T15:06:32","guid":{"rendered":"https:\/\/bilblouse.com\/?post_type=product&#038;p=56416"},"modified":"2024-08-29T16:13:18","modified_gmt":"2024-08-29T16:13:18","slug":"mega-crush-clog-beige-copy","status":"publish","type":"product","link":"https:\/\/bilblouse.com\/index.php\/product\/mega-crush-clog-beige-copy\/","title":{"rendered":"MEGA CRUSH CLOG GRIS"},"content":{"rendered":"<p>Cette nouvelle version du sabot Classic va vraiment attirer tous les regards. D\u00e9couvrez le sabot Classic Mega Crush avec sa semelle en caoutchouc am\u00e9lior\u00e9e, de nouveaux d\u00e9tails autour de la semelle ext\u00e9rieure et une plateforme pr\u00eat \u00e0 sublimer toutes vos tenues. Mieux encore, la bride au talon et la partie sup\u00e9rieure sont con\u00e7ues pour \u00eatre personnalis\u00e9es avec des Jibbitz\u2122. \u00cates-vous pr\u00eat \u00e0 tomber amoureux ?<\/p>\n<p>Sabot Mega Crush en d\u00e9tail :<\/p>\n<p>Hauteur du talon : 74 mm du sol au support de talon<br \/>\nNouvelle semelle en caoutchouc plus adh\u00e9rente<br \/>\nD\u00e9tails textur\u00e9s autour du talon, du bout et du col<br \/>\nPersonnalisable avec les Jibbitz\u2122<br \/>\nIconic Crocs Comfort\u2122 : L\u00e9g\u00e8ret\u00e9. Souplesse. Confort \u00e0 360 degr\u00e9s.<\/p>\n","protected":false},"excerpt":{"rendered":"<p>Cette nouvelle version du sabot Classic va vraiment attirer tous les regards. D\u00e9couvrez le sabot Classic Mega Crush avec sa semelle en caoutchouc am\u00e9lior\u00e9e, de nouveaux d\u00e9tails autour de la semelle ext\u00e9rieure et une plateforme pr\u00eat \u00e0 sublimer toutes vos tenues. Mieux encore, la bride au talon et la partie sup\u00e9rieure sont con\u00e7ues pour \u00eatre [&hellip;]<\/p>\n","protected":false},"featured_media":56434,"comment_status":"open","ping_status":"closed","template":"","meta":[],"product_cat":[203,146],"product_tag":[],"jetpack_sharing_enabled":true,"_links":{"self":[{"href":"https:\/\/bilblouse.com\/index.php\/wp-json\/wp\/v2\/product\/56416"}],"collection":[{"href":"https:\/\/bilblouse.com\/index.php\/wp-json\/wp\/v2\/product"}],"about":[{"href":"https:\/\/bilblouse.com\/index.php\/wp-json\/wp\/v2\/types\/product"}],"replies":[{"embeddable":true,"href":"https:\/\/bilblouse.com\/index.php\/wp-json\/wp\/v2\/comments?post=56416"}],"wp:featuredmedia":[{"embeddable":true,"href":"https:\/\/bilblouse.com\/index.php\/wp-json\/wp\/v2\/media\/56434"}],"wp:attachment":[{"href":"https:\/\/bilblouse.com\/index.php\/wp-json\/wp\/v2\/media?parent=56416"}],"wp:term":[{"taxonomy":"product_cat","embeddable":true,"href":"https:\/\/bilblouse.com\/index.php\/wp-json\/wp\/v2\/product_cat?post=56416"},{"taxonomy":"product_tag","embeddable":true,"href":"https:\/\/bilblouse.com\/index.php\/wp-json\/wp\/v2\/product_tag?post=56416"}],"curies":[{"name":"wp","href":"https:\/\/api.w.org\/{rel}","templated":true}]}}